{"id":668,"date":"2016-08-31T17:16:54","date_gmt":"2016-08-31T15:16:54","guid":{"rendered":"http:\/\/www.glocalvalue.it\/papercut\/?page_id=668"},"modified":"2016-09-16T12:22:44","modified_gmt":"2016-09-16T10:22:44","slug":"ricevi-la-web-zine","status":"publish","type":"page","link":"http:\/\/www.glocalvalue.it\/papercut\/ricevi-la-web-zine\/","title":{"rendered":"Ricevi la web-zine"},"content":{"rendered":"<section class=\"cs-section\"><div class=\"container\"><div class=\"row\"><div class=\"col-md-12\">\n<div class=\"wpcf7 no-js\" id=\"wpcf7-f1010-o1\" lang=\"it-IT\" dir=\"ltr\" data-wpcf7-id=\"1010\">\n<div class=\"screen-reader-response\"><p role=\"status\" aria-live=\"polite\" aria-atomic=\"true\"><\/p> <ul><\/ul><\/div>\n<form action=\"\/papercut\/wp-json\/wp\/v2\/pages\/668#wpcf7-f1010-o1\" method=\"post\" class=\"wpcf7-form init\" aria-label=\"Modulo di contatto\" novalidate=\"novalidate\" data-status=\"init\">\n<fieldset class=\"hidden-fields-container\"><input type=\"hidden\" name=\"_wpcf7\" value=\"1010\" \/><input type=\"hidden\" name=\"_wpcf7_version\" value=\"6.1.5\" \/><input type=\"hidden\" name=\"_wpcf7_locale\" value=\"it_IT\" \/><input type=\"hidden\" name=\"_wpcf7_unit_tag\" value=\"wpcf7-f1010-o1\" \/><input type=\"hidden\" name=\"_wpcf7_container_post\" value=\"0\" \/><input type=\"hidden\" name=\"_wpcf7_posted_data_hash\" value=\"\" \/><input type=\"hidden\" name=\"_wpcf7cf_hidden_group_fields\" value=\"[]\" \/><input type=\"hidden\" name=\"_wpcf7cf_hidden_groups\" value=\"[]\" \/><input type=\"hidden\" name=\"_wpcf7cf_visible_groups\" value=\"[]\" \/><input type=\"hidden\" name=\"_wpcf7cf_repeaters\" value=\"[]\" \/><input type=\"hidden\" name=\"_wpcf7cf_steps\" value=\"{}\" \/><input type=\"hidden\" name=\"_wpcf7cf_options\" value=\"{&quot;form_id&quot;:1010,&quot;conditions&quot;:[],&quot;settings&quot;:{&quot;animation&quot;:&quot;yes&quot;,&quot;animation_intime&quot;:200,&quot;animation_outtime&quot;:200,&quot;conditions_ui&quot;:&quot;normal&quot;,&quot;notice_dismissed&quot;:false,&quot;notice_dismissed_rollback-cf7-5.8.1&quot;:true}}\" \/><input type=\"hidden\" name=\"_wpcf7_recaptcha_response\" value=\"\" \/>\n<\/fieldset>\n<div class=\"form-horizontal\">\n\t<div  class=\"col-sm-12\"  style=\"margin-bottom:20px; margin-top:20px; padding-left:0px;\">\n\t\t<p>I campi contrassegnati da * sono obbligatori.\n\t\t<\/p>\n\t<\/div>\n\t<div  class=\"col-sm-12\"  style=\"margin-bottom:20px; padding-left:0px;\">\n\t\t<h3>Lasciaci i tuoi dati\n\t\t<\/h3>\n\t<\/div>\n\t<div class=\"form-group\">\n\t\t<div class=\"col-sm-6\" style=\" padding-left:0px;\">\n\t\t\t<p><label>Nome*<\/label><span class=\"wpcf7-form-control-wrap\" data-name=\"nome\"><input size=\"40\" maxlength=\"400\" class=\"wpcf7-form-control wpcf7-text wpcf7-validates-as-required\" aria-required=\"true\" aria-invalid=\"false\" value=\"\" type=\"text\" name=\"nome\" \/><\/span>\n\t\t\t<\/p>\n\t\t<\/div>\n\t\t<div class=\"col-sm-6\">\n\t\t\t<p><label>Cognome*<\/label><span class=\"wpcf7-form-control-wrap\" data-name=\"cognome\"><input size=\"40\" maxlength=\"400\" class=\"wpcf7-form-control wpcf7-text wpcf7-validates-as-required\" aria-required=\"true\" aria-invalid=\"false\" value=\"\" type=\"text\" name=\"cognome\" \/><\/span>\n\t\t\t<\/p>\n\t\t<\/div>\n\t<\/div>\n\t<div style=\"clear:both; height:10px;\">\n\t<\/div>\n\t<div class=\"form-group\">\n\t\t<div class=\"col-sm-4\" style=\" padding-left:0px;\">\n\t\t\t<p><label>Email*<\/label><span class=\"wpcf7-form-control-wrap\" data-name=\"email\"><input size=\"40\" maxlength=\"400\" class=\"wpcf7-form-control wpcf7-email wpcf7-validates-as-required wpcf7-text wpcf7-validates-as-email\" aria-required=\"true\" aria-invalid=\"false\" value=\"\" type=\"email\" name=\"email\" \/><\/span>\n\t\t\t<\/p>\n\t\t<\/div>\n\t\t<div class=\"col-sm-4\" >\n\t\t\t<p><label>Telefono<\/label><span class=\"wpcf7-form-control-wrap\" data-name=\"telefono\"><input size=\"40\" maxlength=\"400\" class=\"wpcf7-form-control wpcf7-tel wpcf7-text wpcf7-validates-as-tel\" aria-invalid=\"false\" value=\"\" type=\"tel\" name=\"telefono\" \/><\/span>\n\t\t\t<\/p>\n\t\t<\/div>\n\t\t<div class=\"col-sm-4\">\n\t\t\t<p><label>Azienda<\/label><span class=\"wpcf7-form-control-wrap\" data-name=\"azienda\"><input size=\"40\" maxlength=\"400\" class=\"wpcf7-form-control wpcf7-text\" aria-invalid=\"false\" value=\"\" type=\"text\" name=\"azienda\" \/><\/span>\n\t\t\t<\/p>\n\t\t<\/div>\n\t<\/div>\n\t<div style=\"clear:both;height:10px; \">\n\t<\/div>\n\t<div  class=\"col-sm-12\"  style=\"margin-bottom:20px; margin-top:20px; padding-left:0px;\">\n\t\t<h3>Customer satisfaction (facoltativo)\n\t\t<\/h3>\n\t<\/div>\n\t<div class=\"form-group\">\n\t\t<div class=\"col-sm-12\" style=\" padding-left:0px;\">\n\t\t\t<p>Mercato di appartenenza\n\t\t\t<\/p>\n\t\t\t<p><span class=\"wpcf7-form-control-wrap\" data-name=\"mercato-di-appartenenza\"><select class=\"wpcf7-form-control wpcf7-select\" aria-invalid=\"false\" name=\"mercato-di-appartenenza\"><option value=\"\">&#8212;Seleziona un&#039;opzione&#8212;<\/option><option value=\"Produttore di stampanti e multifunzioni\">Produttore di stampanti e multifunzioni<\/option><option value=\"Operatore del Canale\">Operatore del Canale<\/option><option value=\"Cliente finale\">Cliente finale<\/option><\/select><\/span>\n\t\t\t<\/p>\n\t\t<\/div>\n\t<\/div>\n\t<div style=\"clear:both; height:20px;\">\n\t<\/div>\n\t<div class=\"form-group\">\n\t\t<div class=\"col-sm-12\" style=\" padding-left:0px;\">\n\t\t\t<p>Gradisci la webzine come strumento di informazione?\n\t\t\t<\/p>\n\t\t\t<p><span class=\"wpcf7-form-control-wrap\" data-name=\"gradimento\"><select class=\"wpcf7-form-control wpcf7-select\" aria-invalid=\"false\" name=\"gradimento\"><option value=\"\">&#8212;Seleziona un&#039;opzione&#8212;<\/option><option value=\"Si\">Si<\/option><option value=\"No\">No<\/option><\/select><\/span>\n\t\t\t<\/p>\n\t\t<\/div>\n\t<\/div>\n\t<div style=\"clear:both; height:20px;\">\n\t<\/div>\n\t<div class=\"form-group\" >\n\t\t<div class=\"col-sm-12\" style=\" padding-left:0px;\">\n\t\t\t<p>Ritieni i temi trattati utili per la tua attivit\u00e0?\n\t\t\t<\/p>\n\t\t\t<p><span class=\"wpcf7-form-control-wrap\" data-name=\"utilita\"><select class=\"wpcf7-form-control wpcf7-select\" aria-invalid=\"false\" name=\"utilita\"><option value=\"\">&#8212;Seleziona un&#039;opzione&#8212;<\/option><option value=\"Si\">Si<\/option><option value=\"No\">No<\/option><\/select><\/span>\n\t\t\t<\/p>\n\t\t<\/div>\n\t<\/div>\n\t<div style=\"clear:both; height:20px;\">\n\t<\/div>\n\t<div class=\"form-group\">\n\t\t<div class=\"col-sm-12\" style=\" padding-left:0px;\">\n\t\t\t<p>Indicaci gli argomenti che vorresti fossero trattati\n\t\t\t<\/p>\n\t\t\t<p><span class=\"wpcf7-form-control-wrap\" data-name=\"argomenti\"><input size=\"40\" maxlength=\"400\" class=\"wpcf7-form-control wpcf7-text\" aria-invalid=\"false\" value=\"\" type=\"text\" name=\"argomenti\" \/><\/span>\n\t\t\t<\/p>\n\t\t<\/div>\n\t<\/div>\n\t<div style=\"clear:both; height:20px;\">\n\t<\/div>\n\t<div class=\"form-group\">\n\t\t<div class=\"col-sm-12\" style=\" padding-left:0px;\">\n\t\t\t<p>Ulteriori suggerimenti\n\t\t\t<\/p>\n\t\t\t<p><span class=\"wpcf7-form-control-wrap\" data-name=\"suggerimenti\"><input size=\"40\" maxlength=\"400\" class=\"wpcf7-form-control wpcf7-text\" aria-invalid=\"false\" value=\"\" type=\"text\" name=\"suggerimenti\" \/><\/span>\n\t\t\t<\/p>\n\t\t<\/div>\n\t<\/div>\n\t<div style=\"clear:both; height:20px;\">\n\t<\/div>\n\t<div  class=\"col-sm-12\"  style=\"margin-bottom:0px;  padding-left:0px;\">\n\t\t<p><a href=\"#\"  class=\"modal-1\" target=\"_blank\">Informativa sul trattamento dei dati personali<\/a><br \/>\n<label><span class=\"wpcf7-form-control-wrap\" data-name=\"job-privacy\"><span class=\"wpcf7-form-control wpcf7-acceptance\"><span class=\"wpcf7-list-item\"><input type=\"checkbox\" name=\"job-privacy\" value=\"1\" aria-invalid=\"false\" \/><\/span><\/span><\/span> Accetto<\/label>\n\t\t<\/p>\n\t<\/div>\n\t<div style=\"clear:both;height:10px; \">\n\t<\/div>\n\t<div class=\"col-sm-12\"  style=\"margin-bottom:0px; padding-left:0px;\">\n\t\n\t<\/div>\n\t<div  class=\"col-sm-12\"  style=\"margin-bottom:0px;  padding-left:0px;\">\n\t\t<p><input class=\"wpcf7-form-control wpcf7-submit has-spinner\" type=\"submit\" value=\"Invia\" \/>\n\t\t<\/p>\n\t<\/div>\n<\/div>\n<div data-selector=\".modal-1\" aria-hidden=\"true\" role=\"dialog\" tabindex=\"-1\" class=\"bs-modal modal fade\" id=\"modal-1\">\n\t<div class=\"modal-dialog modal-lg\">\n\t\t<div class=\"modal-content\">\n\t\t\t<div class=\"modal-header\">\n\t\t\t\t<div data-dismiss=\"modal\" class=\"fa fa-times\">\n\t\t\t\t<\/div>\n\t\t\t\t<h4 class=\"modal-title\">Informativa sul trattamento dei dati personali (art. 13 D.lgs. 196\/2003)\n\t\t\t\t<\/h4>\n\t\t\t<\/div>\n\t\t\t<div class=\"modal-body\">\n\t\t\t\t<p>INFORMATIVA AI SENSI DELL'ART.13 DEL D.LGS 196\/2003\n\t\t\t\t<\/p>\n\t\t\t\t<p>I dati personali trattati da Glocal Value Srl sono raccolti direttamente presso il soggetto interessato oppure presso terzi nell'ipotesi in cui Glocal Value Srl acquisisca dati da societ\u00e0 esterne per informazioni commerciali, ricerche di mercato, offerte dirette di prodotti o servizi. Se i dati non sono raccolti presso l'interessato, l'informativa, comprensiva delle categorie dei dati trattati, \u00e8 data al medesimo interessato, all'atto della registrazione dei dati o, quando \u00e8 prevista la loro comunicazione, non oltre la prima comunicazione. In ogni caso, tutti questi dati vengono trattati nel rispetto della legge e degli obblighi di riservatezza cui \u00e8 ispirata l'attivit\u00e0 di Glocal Value Srl.\n\t\t\t\t<\/p>\n\t\t\t\t<p><strong>1. Finalit\u00e0 e modalit\u00e0 del trattamento.<\/strong>\n\t\t\t\t<\/p>\n\t\t\t\t<p>I dati personali forniti dall'interessato saranno oggetto di trattamento informatico e manuale da parte di Glocal Value Srl, e\/o di societ\u00e0 di fiducia di Glocal Value Srl, per le seguenti finalit\u00e0:\n\t\t\t\t<\/p>\n\t\t\t\t<p>\u00b7 raccolta di informazioni precontrattuali, inclusa la valutazione economico finanziaria e di prodotto;\n\t\t\t\t<\/p>\n\t\t\t\t<p>\u00b7 corretta gestione del rapporto contrattuale e delle relative obbligazioni, ove presenti;\n\t\t\t\t<\/p>\n\t\t\t\t<p>\u00b7 adempimento degli obblighi di legge, contabili, fiscali e di ogni altra natura comunque connessi alle finalit\u00e0 di cui ai precedenti punti;\n\t\t\t\t<\/p>\n\t\t\t\t<p>\u00b7 raccolta di informazioni utili per migliorare i servizi e i prodotti Glocal Value attraverso, per esempio, attivit\u00e0 di rilevazione del grado di soddisfazione dei Clienti sulla qualit\u00e0 dei servizi resi;\n\t\t\t\t<\/p>\n\t\t\t\t<p>\u00b7 conoscenza di nuovi servizi e prodotti Glocal Value attraverso, per esempio, l'invio di materiale pubblicitario concernente prodotti o servizi propri o di terzi.\n\t\t\t\t<\/p>\n\t\t\t\t<p>Glocal Value Srl potr\u00e0 avvalersi di soggetti di propria fiducia che svolgono compiti di natura tecnica od organizzativa quali, a titolo esemplificativo: la prestazione di servizi di stampa, imbustamento, trasmissione, trasporto e smistamento di comunicazioni.\n\t\t\t\t<\/p>\n\t\t\t\t<p>I trattamenti avvengono mediante elaborazioni manuali o strumenti elettronici, o comunque automatizzati, secondo logiche strettamente correlate alle finalit\u00e0 stesse e comunque in modo tale da garantire la riservatezza e la sicurezza dei dati personali.\n\t\t\t\t<\/p>\n\t\t\t\t<p><strong>2. Categorie di soggetti ai quali i dati possono essere comunicati e trasferiti<\/strong>\n\t\t\t\t<\/p>\n\t\t\t\t<p>Oltre che ai soggetti indicati nel paragrafo precedente, i dati personali relativi al soggetto interessato potranno essere comunicati e trasferiti:\n\t\t\t\t<\/p>\n\t\t\t\t<p>\u00b7 ai Partners di Glocal Value Srl, o, comunque, a soggetti terzi autorizzati da Glocal Value Srl ad espletare attivit\u00e0 di assistenza tecnica, contabile, fiscale, marketing e di promozione per conto di Glocal Value Srl.\n\t\t\t\t<\/p>\n\t\t\t\t<p><strong>3. Diritti dell'interessato<\/strong>\n\t\t\t\t<\/p>\n\t\t\t\t<p>L'art. 7, del d.lgs. 196\/2003 conferisce agli interessati l'esercizio di specifici diritti. In particolare, l'interessato pu\u00f2 ottenere dal Titolare la conferma dell'esistenza o meno di propri dati personali che lo riguardano e la loro comunicazione in forma intelligibile. L'interessato pu\u00f2 altres\u00ec chiedere di conoscere l'origine dei dati, le finalit\u00e0 e modalit\u00e0 del trattamento, nonch\u00e9 la logica applicata in caso di trattamento effettuato con l'ausilio di strumenti elettronici, l'indicazione degli estremi identificativi del titolare, dei responsabili nominati e dei soggetti o delle categorie di soggetti ai quali i dati possono essere comunicati o che possono venirne a conoscenza. L'interessato ha diritto di ottenere l'aggiornamento, la rettificazione, l'integrazione, la cancellazione, la trasformazione in via anonima o il blocco dei dati trattati in violazione di legge. L'interessato ha diritto di opporsi, in tutto o in parte, per motivi legittimi al trattamento dei dati personali che lo riguardano. I diritti in oggetto potranno essere esercitati, anche per il tramite di un incaricato, mediante richiesta rivolta al Responsabile del trattamento dei dati di Glocal Value con lettera raccomandata inviata a Glocal Value Srl, Via Flli Laviny, 32 - 13100 Vercelli o con posta elettronica certficata all'indirizzo <a href=\"mailto:glocalvalue@legal.email.it\">glocalvalue@legal.email.it<\/a>. Nell'esercizio dei diritti, l'interessato pu\u00f2 conferire, per iscritto, delega o procura a persone fisiche, enti associazioni od organismi. L'interessato pu\u00f2, altres\u00ec, farsi assistere da una persona di fiducia. Glocal Value Srl, per garantire l'effettivo esercizio dei diritti dell'interessato, adotta misure idonee volte ad agevolare l'accesso ai dati personali da parte dell'interessato medesimo e a semplificare le modalit\u00e0 e a ridurre i tempi per il riscontro al richiedente.\n\t\t\t\t<\/p>\n\t\t\t<\/div>\n\t\t<\/div>\n\t<\/div>\n<\/div><div class=\"wpcf7-response-output\" aria-hidden=\"true\"><\/div>\n<\/form>\n<\/div>\n<\/div><\/div><\/div><\/section>\n","protected":false},"excerpt":{"rendered":"<p><span class=\"entry-read-more\"><a href=\"http:\/\/www.glocalvalue.it\/papercut\/ricevi-la-web-zine\/\" class=\"cs-btn cs-btn-flat cs-btn-rounded cs-btn-xxs cs-btn-flat-accent\">Leggi tutto<\/a><\/span><\/p>\n","protected":false},"author":4,"featured_media":0,"parent":0,"menu_order":0,"comment_status":"closed","ping_status":"closed","template":"","meta":{"footnotes":""},"class_list":["post-668","page","type-page","status-publish","hentry"],"_links":{"self":[{"href":"http:\/\/www.glocalvalue.it\/papercut\/wp-json\/wp\/v2\/pages\/668","targetHints":{"allow":["GET"]}}],"collection":[{"href":"http:\/\/www.glocalvalue.it\/papercut\/wp-json\/wp\/v2\/pages"}],"about":[{"href":"http:\/\/www.glocalvalue.it\/papercut\/wp-json\/wp\/v2\/types\/page"}],"author":[{"embeddable":true,"href":"http:\/\/www.glocalvalue.it\/papercut\/wp-json\/wp\/v2\/users\/4"}],"replies":[{"embeddable":true,"href":"http:\/\/www.glocalvalue.it\/papercut\/wp-json\/wp\/v2\/comments?post=668"}],"version-history":[{"count":7,"href":"http:\/\/www.glocalvalue.it\/papercut\/wp-json\/wp\/v2\/pages\/668\/revisions"}],"predecessor-version":[{"id":1014,"href":"http:\/\/www.glocalvalue.it\/papercut\/wp-json\/wp\/v2\/pages\/668\/revisions\/1014"}],"wp:attachment":[{"href":"http:\/\/www.glocalvalue.it\/papercut\/wp-json\/wp\/v2\/media?parent=668"}],"curies":[{"name":"wp","href":"https:\/\/api.w.org\/{rel}","templated":true}]}}