{"id":1093,"date":"2016-10-20T14:08:09","date_gmt":"2016-10-20T12:08:09","guid":{"rendered":"http:\/\/www.glocalvalue.it\/papercut\/?page_id=1093"},"modified":"2016-11-18T11:19:01","modified_gmt":"2016-11-18T10:19:01","slug":"in-piu-con-papercut-mf","status":"publish","type":"page","link":"http:\/\/www.glocalvalue.it\/papercut\/in-piu-con-papercut-mf\/","title":{"rendered":"In pi\u00f9, con PaperCut MF\u2026"},"content":{"rendered":"<section class=\"cs-section custom-padding\" style=\" padding-top: 40px; padding-bottom:0px;\"><div class=\"container\"><div class=\"row\"><div class=\"col-md-12\">[vc_custom_heading text=&#8221;Cross Platform e adattiva&#8221; font_container=&#8221;tag:h3|text_align:left&#8221; use_theme_fonts=&#8221;yes&#8221;]<div class=\"cs-column-text\"><p>PaperCut MF permette al cliente di scegliere il sistema operativo che preferisce (sia per i server che per i client: Windows, Linux, Mac, Novell), l\u2019architettura, il database e l\u2019ambiente di LDAP. \u00c8 PaperCut MF che si adegua alla infrastruttura del cliente e non il contrario. Si potrebbe evitare cos\u00ec l\u2019acquisto di licenze di sistema operativo per i server ed i relativi costi di gestione e, inoltre, si risparmia tempo e denaro perch\u00e9 non \u00e8 necessario modificare la propria architettura IT per accogliere la soluzione di print management.<\/p>\n<\/div><div class=\"cs-divider-icon text-center\"><div class=\"cs-divider-icon-inner\" style=\"font-size:30px;color:#8dc63f;\"><i class=\"cs-in fa fa-angle-double-down\"><\/i><\/div><\/div><\/div><\/div><\/div><\/section><section class=\"cs-section custom-padding\" style=\" padding-top: 0px; padding-bottom:0px;\"><div class=\"container\"><div class=\"row\"><div class=\"col-md-12\">[vc_custom_heading text=&#8221;Multivendor e vendor neutral&#8221; font_container=&#8221;tag:h3|text_align:left&#8221; use_theme_fonts=&#8221;yes&#8221;]<div class=\"cs-column-text\"><p>Sempre pi\u00f9 spesso il cliente finale ha un parco multivendor da gestire e desidera farlo con un\u2019unica soluzione. PaperCut MF soddisfa questa esigenza poich\u00e9 integra \u201cembedded\u201d tutte le componenti necessarie per gestire le multifunzioni di oltre 15 diversi produttori. Inoltre, grazie a questa modalit\u00e0, il cliente finale ha la libert\u00e0 di poter scegliere le multifunzioni con il miglior rapporto prezzo-prestazioni e poterle integrare senza problemi nella soluzione in uso.<\/p>\n<\/div><div class=\"cs-divider-icon text-center\"><div class=\"cs-divider-icon-inner\" style=\"font-size:30px;color:#8dc63f;\"><i class=\"cs-in fa fa-angle-double-down\"><\/i><\/div><\/div><\/div><\/div><\/div><\/section><section class=\"cs-section custom-padding\" style=\" padding-top: 0px; padding-bottom:0px;\"><div class=\"container\"><div class=\"row\"><div class=\"col-md-12\">[vc_custom_heading text=&#8221;Facilit\u00e0 di gestione&#8221; font_container=&#8221;tag:h3|text_align:left&#8221; use_theme_fonts=&#8221;yes&#8221;]<div class=\"cs-column-text\"><p>PaperCut MF \u00e8 una soluzione semplice, al 100% web-based, facile da gestire che consente un ROI pi\u00f9 alto in quanto i costi di gestione sono veramente ridotti al minimo. Ci\u00f2 permette inoltre di limitare al minimo la loro dipendenza dal fornitore.<\/p>\n<\/div><div class=\"cs-divider-icon text-center\"><div class=\"cs-divider-icon-inner\" style=\"font-size:30px;color:#8dc63f;\"><i class=\"cs-in fa fa-angle-double-down\"><\/i><\/div><\/div><\/div><\/div><\/div><\/section><section class=\"cs-section custom-padding\" style=\" padding-top: 0px; padding-bottom:0px;\"><div class=\"container\"><div class=\"row\"><div class=\"col-md-12\">[vc_custom_heading text=&#8221;Completezza della soluzione&#8221; font_container=&#8221;tag:h3|text_align:left&#8221; use_theme_fonts=&#8221;yes&#8221;]<div class=\"cs-column-text\"><p>PaperCut ha scelto di inserire quasi tutte le funzionalit\u00e0 anche importanti (mobile, watermarking, print archiving, \u2026) incluse nel costo della licenza base. Questo ovviamente \u00e8 molto apprezzato dai clienti finali perch\u00e9, oltre che non affrontare le complessit\u00e0 nella valutazione e nel confronto tra le diverse soluzioni sul mercato, possono evitare di trovarsi in una condizione di debolezza quando vorranno integrare funzionalit\u00e0 importanti per una efficace gestione del parco stampa.<\/p>\n<\/div><div class=\"cs-divider-icon text-center\"><div class=\"cs-divider-icon-inner\" style=\"font-size:30px;color:#8dc63f;\"><i class=\"cs-in fa fa-angle-double-down\"><\/i><\/div><\/div><\/div><\/div><\/div><\/section><section class=\"cs-section custom-padding\" style=\" padding-top: 0px; padding-bottom:0px;\"><div class=\"container\"><div class=\"row\"><div class=\"col-md-12\">[vc_custom_heading text=&#8221;Licensing completo e competitivo&#8221; font_container=&#8221;tag:h3|text_align:left&#8221; use_theme_fonts=&#8221;yes&#8221;]<div class=\"cs-column-text\"><p>Il licensing di PaperCut MF \u00e8 molto semplice ed estremamente competitivo. Il costo, proporzionale al budget IT del cliente finale, \u00e8 basato principalmente su 3 fattori: il numero di utenti, il numero di multifunzioni da gestire con pull print e rilascio sicuro e, infine, il numero di anni di maintenance. I benefici derivano quindi dalla possibilit\u00e0, senza ulteriori costi, di usare server illimitati, clustering, monitorare un numero di device di stampa illimitati, senza alcun costo per workstation e client. Nessun problema e onere nemmeno per il cambio di sistema operativo dell&#8217;application server e\/o dei print server secondari.<\/p>\n<\/div><div class=\"cs-divider-icon text-center\"><div class=\"cs-divider-icon-inner\" style=\"font-size:30px;color:#8dc63f;\"><i class=\"cs-in fa fa-angle-double-down\"><\/i><\/div><\/div><\/div><\/div><\/div><\/section><section class=\"cs-section custom-padding\" style=\" padding-top: 0px; padding-bottom:0px;\"><div class=\"container\"><div class=\"row\"><div class=\"col-md-12\">[vc_custom_heading text=&#8221;Open&#8221; font_container=&#8221;tag:h3|text_align:left&#8221; use_theme_fonts=&#8221;yes&#8221;]<div class=\"cs-column-text\"><p>PaperCut MF \u00e8 una soluzione sviluppata in Service Oriented Architecture in diversi linguaggi e con zero dipendenze esterne (solo Perl per versione Linux).<br \/>\nInoltre mette a disposizione web services API aperti e documentati permettendo quindi una facile integrazione con qualsiasi soluzione di terze parti.<\/p>\n<\/div><div class=\"cs-divider-icon text-center\"><div class=\"cs-divider-icon-inner\" style=\"font-size:30px;color:#8dc63f;\"><i class=\"cs-in fa fa-angle-double-down\"><\/i><\/div><\/div><\/div><\/div><\/div><\/section><section class=\"cs-section custom-padding\" style=\" padding-top: 0px; padding-bottom:50px;\"><div class=\"container\"><div class=\"row\"><div class=\"col-md-6\"><a href=\"http:\/\/www.glocalvalue.it\/papercut\/print-management-tutte-le-opportunita-di-risparmio\/\"><img decoding=\"async\" width=\"150\" height=\"150\" src=\"http:\/\/www.glocalvalue.it\/papercut\/wp-content\/uploads\/2016\/05\/01-icon-opportunita.png\" class=\"aligncenter\" alt=\"\" \/><\/a>[vc_custom_heading text=&#8221;Print Management:<br \/>\ntutte le opportunit\u00e0 di risparmio &#8221; font_container=&#8221;tag:h4|font_size:20px|text_align:center&#8221; use_theme_fonts=&#8221;yes&#8221;]<div class=\"cs-btn-align text-center\"><a href=\"http:\/\/www.glocalvalue.it\/papercut\/print-management-tutte-le-opportunita-di-risparmio\/\" class=\"cs-btn cs-btn-custom cs-btn-square cs-btn-custom-own cs-btn-sm cs-btn-custom-69dc060b78a24\">Vedi nel dettaglio<\/a><\/div><\/div><div class=\"col-md-6\"><a href=\"http:\/\/www.glocalvalue.it\/papercut\/ulteriori-benefici\/\"><img decoding=\"async\" width=\"150\" height=\"150\" src=\"http:\/\/www.glocalvalue.it\/papercut\/wp-content\/uploads\/2016\/05\/02-icon-benefici.png\" class=\"aligncenter\" alt=\"\" \/><\/a>[vc_custom_heading text=&#8221;Ulteriori<br \/>\nbenefici&#8221; font_container=&#8221;tag:h4|font_size:20px|text_align:center&#8221; use_theme_fonts=&#8221;yes&#8221;]<div class=\"cs-btn-align text-center\"><a href=\"http:\/\/www.glocalvalue.it\/papercut\/ulteriori-benefici\/\" class=\"cs-btn cs-btn-custom cs-btn-square cs-btn-custom-own cs-btn-sm cs-btn-custom-69dc060b78c45\">Vedi nel dettaglio<\/a><\/div><\/div><\/div><\/div><\/section>\n","protected":false},"excerpt":{"rendered":"<p><span class=\"entry-read-more\"><a href=\"http:\/\/www.glocalvalue.it\/papercut\/in-piu-con-papercut-mf\/\" class=\"cs-btn cs-btn-flat cs-btn-rounded cs-btn-xxs cs-btn-flat-accent\">Leggi tutto<\/a><\/span><\/p>\n","protected":false},"author":4,"featured_media":0,"parent":0,"menu_order":0,"comment_status":"closed","ping_status":"closed","template":"","meta":{"footnotes":""},"class_list":["post-1093","page","type-page","status-publish","hentry"],"_links":{"self":[{"href":"http:\/\/www.glocalvalue.it\/papercut\/wp-json\/wp\/v2\/pages\/1093","targetHints":{"allow":["GET"]}}],"collection":[{"href":"http:\/\/www.glocalvalue.it\/papercut\/wp-json\/wp\/v2\/pages"}],"about":[{"href":"http:\/\/www.glocalvalue.it\/papercut\/wp-json\/wp\/v2\/types\/page"}],"author":[{"embeddable":true,"href":"http:\/\/www.glocalvalue.it\/papercut\/wp-json\/wp\/v2\/users\/4"}],"replies":[{"embeddable":true,"href":"http:\/\/www.glocalvalue.it\/papercut\/wp-json\/wp\/v2\/comments?post=1093"}],"version-history":[{"count":5,"href":"http:\/\/www.glocalvalue.it\/papercut\/wp-json\/wp\/v2\/pages\/1093\/revisions"}],"predecessor-version":[{"id":1196,"href":"http:\/\/www.glocalvalue.it\/papercut\/wp-json\/wp\/v2\/pages\/1093\/revisions\/1196"}],"wp:attachment":[{"href":"http:\/\/www.glocalvalue.it\/papercut\/wp-json\/wp\/v2\/media?parent=1093"}],"curies":[{"name":"wp","href":"https:\/\/api.w.org\/{rel}","templated":true}]}}